is the thousands digit of 4571062856?
2
What is the hundreds digit of 37079105?
1
What is the tens digit of 1121658393?
9
What is the tens digit of 3190305476?
7
What is the ten thousands digit of 253518870?
1
What is the hundred millions digit of 1029068772?
0
What is the hundred thousands digit of 220537737?
5
What is the ten millions digit of 238611798?
3
What is the hundred thousands digit of 114934847?
9
What is the ten thousands digit of 54112634?
1
What is the hundred thousands digit of 469635232?
6
What is the ten thousands digit of 102856026?
5
What is the hundreds digit of 1769821056?
0
What is the tens digit of 2613300439?
3
What is the ten thousands digit of 200030921?
3
What is the hundreds digit of 7552571860?
8
What is the hundred thousands digit of 1389425514?
4
What is the ten thousands digit of 99999428?
9
What is the millions digit of 106791313?
6
What is the tens digit of 1574837197?
9
What is the millions digit of 56182458?
6
What is the hundred thousands digit of 217493128?
4
What is the millions digit of 16914011?
6
What is the units digit of 42453546?
6
What is the ten millions digit of 106495001?
0
What is the hundreds digit of 10621915?
9
What is the tens digit of 79430098?
9
What is the tens digit of 95936148?
4
What is the hundred thousands digit of 170089653?
0
What is the tens digit of 39295802?
0
What is the tens digit of 1151785480?
8
What is the ten thousands digit of 1189448937?
4
What is the tens digit of 112261754?
5
What is the hundred millions digit of 164269174?
1
What is the ten thousands digit of 3353293189?
9
What is the tens digit of 434873605?
0
What is the hundred millions digit of 427178048?
4
What is the ten millions digit of 514839055?
1
What is the millions digit of 176126524?
6
What is the tens digit of 77742516?
1
What is the units digit of 2108897015?
5
What is the thousands digit of 44533470?
3
What is the hundreds digit of 5552401489?
4
What is the units digit of 1346021337?
7
What is the thousands digit of 72640386?
0
What is the hundreds digit of 2219943932?
9
What is the hundred millions digit of 227974239?
2
What is the thousands digit of 66141362?
1
What is the tens digit of 322056066?
6
What is the tens digit of 15889937?
3
What is the thousands digit of 161321010?
1
What is the hundreds digit of 1175210252?
2
What is the hundreds digit of 50712529?
5
What is the ten thousands digit of 946308018?
0
What is the thousands digit of 2401465377?
5
What is the hundreds digit of 91293768?
7
What is the units digit of 59898906?
6
What is the tens digit of 470270790?
9
What is the millions digit of 1906046582?
6
What is the ten millions digit of 769633873?
6
What is the units digit of 605347313?
3
What is the billions digit of 1358360065?
1
What is the millions digit of 143566365?
3
What is the hundreds digit of 31956545?
5
What is the thousands digit of 1172886012?
6
What is the hundreds digit of 2281406660?
6
What is the units digit of 431755046?
6
What is the units digit of 76470956?
6
What is the ten millions digit of 38816798?
3
What is the hundreds digit of 665940086?
0
What is the units digit of 2563508839?
9
What is the millions digit of 608486919?
8
What is the ten thousands digit of 58163747?
6
What is the hundred millions digit of 799170978?
7
What is the thousands digit of 41050222?
0
What is the hundred thousands digit of 847806251?
8
What is the hundred thousands digit of 3114674912?
6
What is the units digit of 56509547?
7
What is the thousands digit of 821786942?
6
What is the hundred millions digit of 130552306?
1
What is the hundreds digit of 3003966835?
8
What is the hundreds digit of 250130489?
4
What is the hundred millions digit of 2945733493?
9
What is the billions digit of 1003432081?
1
What is the ten millions digit of 38803627?
3
What is the tens digit of 47048897?
9
What is the millions digit of 19596871?
9
What is the tens digit of 3243646350?
5
What is the tens digit of 25715942?
4
What is the ten thousands digit of 8041650784?
5
What is the hundred thousands digit of 4706610877?
6
What is the millions digit of 2451812175?
1
What is the millions digit of 66751490?
6
What is the units digit of 396833066?
6
What is the ten millions digit of 356944279?
5
What is the units digit of 32353309?
9
What is the units digit of 472232288?
8
What is the tens digit of 130919359?
5
What is the thousands digit of 131253418?
3
What is the millions digit of 37530351?
7
What is the thousands digit of 27075199?
5
What is the thousands digit of 126359456?
9
What is the thousands digit of 398217209?
7
What is the tens digit of 28544558?
5
What is the thousands digit of 605725244?
5
What is the thousands digit of 3764135030?
5
What is the units digit of 17859070?
0
What is the units digit of 34690609?
9
What is the hundred millions digit of 178915947?
1
What is the hundred millions digit of 1568533841?
5
What is the ten millions digit of 3761026349?
6
What is the thousands digit of 856241342?
1
What is the hundreds digit of 741871902?
9
What is the ten millions digit of 137275024?
3
What is the hundreds digit of 652132167?
1
What is the hundreds digit of 7329553196?
1
What is the hundreds digit of 25974939?
9
What is the ten millions digit of 69480412?
6
What is the millions digit of 126151088?
6
What is the thousands digit of 3794918736?
8
What is the hundred thousands digit of 720662893?
6
What is the tens digit of 532848160?
6
What is the ten thousands digit of 881532745?
3
What is the ten thousands digit of 54632894?
3
What is the hundred thousands digit of 5029789337?
7
What is the hundreds digit of 28519382?
3
What is the ten millions digit of 11467351?
1
What is the hundred millions digit of 1782584871?
7
What is the ten millions digit of 48557536?
4
What is the tens digit of 208008335?
3
What is the millions digit of 6304098?
6
What is the tens digit of 32311501?
0
What is the hundred thousands digit of 62495905?
4
What is the tens digit of 882403224?
2
What is the units digit of 1430460741?
1
What is the millions digit of 100367157?
0
What is the units digit of 55045888?
8
What is the hundreds digit of 81751385?
3
What is the hundred thousands digit of 5405877?
4
What is the tens digit of 134262156?
5
What is the thousands digit of 6587369?
7
What is the units digit of 266225529?
9
What is the thousands digit of 994577618?
7
What is the millions digit of 4365441928?
5
What is the ten thousands digit of 110462654?
6
What is the hundreds digit of 40783399?
3
What is the ten thousands digit of 17481546?
8
What is the thousands digit of 3371929167?
9
What is the ten millions digit of 90721800?
9
What is the hundred thousands digit of 613388213?
3
What is the ten millions digit of 662791042?
6
What is the ten millions digit of 68605961?
6
What is the ten thousands digit of 17756454?
5
What is the ten millions digit of 1232247931?
3
What is the tens digit of 1375010426?
2
What is the ten thousands digit of 2975223544?
2
What is the millions digit of 19208919?
9
What is the units digit of 16890004?
4
What is the hundreds digit of 268307171?
1
What is the thousands digit of 572908006?
8
What is the hundred thousands digit of 3819289?
8
What is the hundred thousands digit of 4554284523?
2
What is the billions digit of 3327376984?
3
What is the units digit of 2014560554?
4
What is the thousands digit of 1196499588?
9
What is the hundred thousands digit of 25640451?
6
What is the millions digit of 1063596357?
3
What is the units digit of 120189134?
4
What is the ten thousands digit of 4233387107?
8
What is the hundred thousands digit of 13772226?
7
What is the units digit of 117966161?
1
What is the units digit of 284351370?
0
What is the tens digit of 1910694096?
9
What is the billions digit of 1620645513?
1
What is the millions digit of 112759988?
2
What is the hundreds digit of 23279210?
2
What is the hundred thousands digit of 95693826?
6
What is the tens digit of 2363990111?
1
What is the thousands digit of 281359491?
9
What is the millions digit of 625103111?
5
What is the thousands digit of 112551013?
1
What is the tens digit of 488435979?
7
What is the hundred thousands digit of 781093273?
0
What is the hundreds digit of 402927605?
6
What is the hundreds digit of 143049710?
7
